se
Let h(o) = 68*o**2 + 2*o + 5. Suppose -3*y = -3*c - 36, 5*y - 40 = -0*c + c. Is h(y) prime?
False
Is (-12856224)/(-96) + 0 + 0 a composite number?
False
Let a(x) be the third derivative of 11*x**6/120 - x**5/20 - 3*x**4/8 + 23*x**2 - 2*x. Is a(7) a composite number?
True
Let j(n) be the third derivative of n**5/60 - n**4/12 - 2*n**3 + 18*n**2. Let u be j(0). Let d = u - -25. Is d prime?
True
Suppose 4*j - 4 - 12 = 3*t, 4*t + 17 = j. Is j/(-2) - 81486/(-36) composite?
True
Suppose 0 = -4*q + 46 - 690. Let a = 196 + q. Is a prime?
False
Let t(s) = 4*s + 16. Let k be t(-3). Suppose k*f - 5*f + 1266 = -3*r, 4*f = -3*r + 5109. Suppose -3*d = -5358 + f. Is d a prime number?
True
Let d(v) = 4678*v - 337. Is d(9) a composite number?
True
Suppose -11*i + 375521 = 12*i. Let t = i - -270. Is t a composite number?
True
Let o be 177/(-4 + 1 - -4). Suppose 8*l = 9*l + 364. Let n = o - l. Is n composite?
False
Suppose -5*b = -3*b + 174. Let n = 90 + b. Suppose 5*g + 5*y - n*y - 6287 = 0, -3*g + y = -3781. Is g a prime number?
True
Let b(l) = -1173*l**3 + 2*l**2 + l - 1. Suppose -17 + 12 = 5*g. Let f be b(g). Suppose -2*k + z = 2*k - f, 0 = k - z - 294. Is k a prime number?
True
Let r(c) = -4081*c - 32. Let q = 958 - 959. Is r(q) a composite number?
False
Suppose -12*a + 33 = -3. Suppose c - 8 = 5*c, a*v - 19570 = -c. Suppose 0 = -6*g + v + 4282. Is g a composite number?
False
Let l be -754 + (7 - (1 - -7)). Let q = l - -1668. Is q a composite number?
True
Let f(v) = -464*v**3 + 2*v**2 + 68. Is f(-5) a composite number?
True
Let f = 2850242 + -2013299. Is f prime?
False
Suppose 0 = 236*z - 188*z - 10430736. Is z prime?
True
Let b(p) be the first derivative of 25*p**2 + 113*p + 16. Is b(10) prime?
True
Let z = 1014 - 1004. Let p = -6 - -22. Suppose p*k = z*k + 7194. Is k composite?
True
Let m(i) be the third derivative of i**5/60 - i**4/12 - i**3/6 - 14*i**2. Let v be m(3). Is v/6*127*3 a prime number?
True
Let v(x) = x**3 - 46*x**2 + 88*x + 124. Is v(57) a composite number?
False
Let j = -4114 - -6069. Let z be 18/24 + 10566/(-8). Let f = j + z. Is f composite?
True
Suppose -84 = 7*z - 112. Suppose z*i + d + 242185 = 9*i, 0 = i + d - 48437. Is i composite?
False
Suppose 3*n - 125 = 8*n + 5*o, 3*n - 3*o + 105 = 0. Let m(p) = -5*p - 61. Is m(n) prime?
True
Let k(n) = 11*n**3 + 36*n**2 - 18*n - 119. Is k(20) prime?
True
Is 26/(-2) + -2 + (9 - -72025) composite?
False
Let y(j) = 2*j**2 + 19*j + 5. Let w(n) = -10*n**2 + 2*n - 1. Let u be w(1). Let q be y(u). Is q/14 + (-71995)/(-49) composite?
True
Let q = 151 + -116. Suppose q*p - 37*p + 7586 = 0. Is p a composite number?
False
Suppose 39620 - 7424 = 4*w. Is w a composite number?
True
Let x = 856 - 816. Suppose 0 = -x*j + 41*j - 9031. Is j prime?
False
Suppose 12*q - 15*q - 4*w + 6051 = 0, -5*q + 10090 = 5*w. Let n = 3658 - q. Is n a composite number?
False
Suppose -20*v + 1232 = -16*v. Let c = -195 + v. Is c a composite number?
False
Suppose 17 + 27 = -4*u + 4*y, -3*y + 48 = -4*u. Let z be (-425)/u + (-3)/9. Let v = z - -1319. Is v composite?
True
Suppose 0 = -d + 3980 - 1491. Suppose 0*z - 9956 = -4*z + 2*k, z + 2*k = d. Is z prime?
False
Let x(n) = 5709*n - 11. Let y be x(9). Suppose 14852 + y = 18*p. Is p a composite number?
True
Let r(j) = -3606*j - 79. Let d(a) = 16*a + 170. Let w be d(-11). Is r(w) a prime number?
True
Suppose p = 5*z + 185, -5*p + 169 = -7*z + 3*z. Let f = z - -38. Suppose f*g = 1053 + 721. Is g prime?
True
Suppose -12 = 4*q, 139*q = 2*v + 143*q - 72826. Is v prime?
False
Suppose 210667 = 5*s - 4*j, 0 = 444*s - 448*s - 4*j + 168476. Is s prime?
False
Suppose -1 = 3*u - 4*u. Let q(t) = 2767*t**3 - 2*t + 2. Is q(u) a composite number?
False
Suppose 371 = 9*x - 25. Is x/(-330) + (-19772)/(-15) prime?
False
Let w = -186 + 174. Is 62*159/w*(1 + -3) prime?
False
Let i = 249 + -265. Is 42951/6 + 3 + 40/i prime?
True
Let m = 29 + -25. Suppose 0 = 4*z - 2*f - 14352, 0*z + m*f - 3597 = -z. Is z composite?
True
Suppose 0 = -c + 5*n + 273624, -5*n + 49 = 44. Is c a prime number?
True
Let u(v) = 216641*v**2 + 73*v + 151. Is u(-2) composite?
True
Suppose 56*f = 59*f - 12. Suppose 1352 = -f*x + 5*s - 861, -3*x = -s + 1668. Let l = x + 954. Is l a prime number?
True
Suppose -4*j = 20, -394 - 9 = 4*o - j. Let b = 205 + o. Is b a prime number?
True
Suppose -42 = c - 46. Let q(l) = l**2 + 3. Let t be q(0). Suppose s - 434 = -t*r - 0*r, -c*s - r = -1791. Is s prime?
True
Let g be 2/(-3)*-12 + -2. Let r(s) = -19*s**3 - s**2 + 7*s - 19. Let f(j) = 3*j**3 - j + 1. Let l(w) = -6*f(w) - r(w). Is l(g) prime?
False
Is (6/12*(-201574)/(-3))/(57/855) a prime number?
False
Let d(n) = 6*n**2 - 3*n + 2. Let p be d(2). Suppose -4*l = 6*l - p. Suppose 3*a + a = 2*s - 1190, 1194 = l*s - 5*a. Is s prime?
True
Let c(y) = -2515*y**3 - 12*y**2 + 18*y + 319. Is c(-10) composite?
True
Let m be 2/(2*1/4). Let f(g) = 4*g + 4*g - 16*g**2 + 29*g**2 - 9 + g - 12*g. Is f(m) composite?
True
Let b = 16591 + 14940. Is b a composite number?
False
Let h(n) = -4*n + 15*n**2 - 171*n**2 + 2 + 4 + 11*n**2. Let m be h(2). Let w = -304 - m. Is w a prime number?
False
Is (-114)/(-285) - (3 + 14958576/(-10)) prime?
False
Let i be 6/36*-4 + (-22)/(-6). Suppose 0 = -i*j + 820 + 779. Let x = j + -18. Is x composite?
True
Let w = 1497 - -144. Is w a prime number?
False
Let a = -97 + 398. Is (0 - -8914)/(86/a) prime?
False
Let r = 3791 - -5589. Let l = r - 2833. Is l a composite number?
False
Is ((-72)/15)/4 - (-6084)/(-45)*-2416 prime?
False
Suppose 11*v - 19*v + 7800 = 0. Suppose -2*l = -v - 617. Suppose 2*h - 2*i = l, -5*h + 3*h + 793 = i. Is h a composite number?
False
Let k(j) be the first derivative of 495*j**2 + 49*j - 184. Is k(8) a prime number?
False
Suppose -472*o + 353*o = -197210965. Is o a prime number?
False
Suppose 0 = -5*k - 523 + 538. Suppose -4*n + 2*v = -1194, -301 = 3*n - 4*n + k*v. Is n prime?
False
Let l = 21617 - -97830. Is l a composite number?
False
Let s(z) = -z**3 + 28*z**2 - 5*z + 15. Let j(y) = 16*y - 185. Let c be j(12). Is s(c) composite?
False
Let d(r) = -r**3 + 24*r**2 - 32*r - 8. Let h be d(22). Suppose 102 - h = -2*m. Is m prime?
False
Suppose 6*b - 48614 = -2*j, -43744 = -4*b + j - 11344. Is b a prime number?
True
Let n(p) be the second derivative of p**4/3 - p**3/3 - 113*p**2/2 + 122*p. Is n(17) a prime number?
True
Let a = -14 + 14. Is (a - -65)*5352/120 a prime number?
False
Let x(q) = 3*q**2 - q + 649. Suppose 172 = -4*n - 5*s - 123, n - 3*s = -78. Let g = n + 75. Is x(g) a composite number?
True
Let d = 35 - 33. Is (21/84)/(5911/(-2956) + d) a composite number?
False
Suppose -4*i + 4*g = -9556, -i + 1825 = 3*g - 564. Is i a prime number?
True
Suppose 0 = 7*l - 0 - 7. Suppose -l = -q + 14. Let x(a) = a**3 - 8*a**2 + 17*a + 37. Is x(q) a composite number?
False
Let n(t) = 1956*t - 14437. Is n(156) composite?
True
Let s be 11/4 + -3 - (-4036)/16. Suppose -5*j - s = -4632. Let b = j - 569. Is b prime?
True
Suppose -32*z + 510951 = 6*z + 49*z. Is z composite?
True
Let q be 10/40 + (41/(-4) - 0). Let t be 2/q - ((-29388)/15 + 3). Is t/2 + -2*3/6 a prime number?
True
Let t = -91 + 48. Let i = -43 - t. Let v(p) = p + 143. Is v(i) composite?
True
Suppose 2*x = -4*s + 1794018, 5*x + 1345546 = -2499*s + 2502*s. Is s a composite number?
True
Let o = -654 + 1781. Let w = o + 282. Is w prime?
True
Let s(r) = -1395*r - 6. Let y be s(-2). Suppose 0 = h + 395 - y. Is h a composite number?
False
Let t(c) = -26*c + 57. Let f be t(2). Suppose -4590 = -5*j + x, 1607 = 2*j - f*x - 206. Is j a composite number?
False
Suppose 0 = 7*m - 16*m + 1224. Let f = m - -21. Suppose 481 = 3*n + 2*u, -n + f = -2*u + u. Is n prime?
False
Let p(m) be the second derivative of -m**4/12 + 11*m**3/6 - 7*m**2/2 + 10*m. Let u be p(10). Suppose -u*h - 399 = -6*h. Is h composite?
True
Let p = -601 - -596. Is 16/(-40) + (-104717)/p + 6 composite?
True
Let j(b) = 327*b + 99. Let d be j(6). Suppose c - 8200 = -d. Is c a composite number?
True
Let c(f) = 20*f**3 + f**2 + 5*f + 3. Let g be c(5). Let h(k) = 3*k**2 - 53*k - 72. Let w be h(19). Suppose w*x - 7*x = -g. Is x prime?
False
Let b be (-279)/186 + (-2)/((-8)/71250). Suppose 13*c - b = 24452. Is c a composite number?
False
Suppose u - 14664 = 3*j, -4*u + 2*j = u - 73255. Suppose 4*l + 3*x - 19530